der when 185 is divided by (-3)/((-54)/(-4)) + 25 + (-520)/(-72).
25
Let j(m) = -4*m**2 - 2*m + 5. Let v be j(-7). Let g = -171 - v. Let y = 8 + -5. Calculate the remainder when g is divided by y.
0
Calculate the remainder when 23018/16 - (-2 - (-260)/160) is divided by 90.
89
Let h(a) = -a - 28. Let n be h(-19). Let x be (12/10)/(n/30). Calculate the remainder when 99 is divided by (x + 74/6)*3.
24
Calculate the remainder when ((-5)/(-2))/(13/(-26)) + (-81510)/(-11) is divided by 9.
7
Let d = 235 - 353. Let r be 136/16 + -6 - (-5)/10. Calculate the remainder when 4 - r - d*1 is divided by 30.
29
Suppose -4*s = o - 85, -5*o - 116*s + 121*s = -300. Calculate the remainder when 1766 is divided by o.
11
Let x = -22483 + 22790. Suppose -y + 8 + 6 = 0. Calculate the remainder when x is divided by y.
13
Suppose 4*x - 248 = -4*c, -3*c + 8 = 5. Suppose -12*d + x = -275. Calculate the remainder when 306 is divided by d.
26
Suppose 14 = 4*p - 0*p - 2*y, -3*p = -5*y - 14. Suppose 5*v - 474 = -v. What is the remainder when v is divided by -12*(-6*p/24 + -1)?
16
Let d(c) = c**3 + 19*c**2 - 19*c + 24. Let p be d(-20). Let n(m) = 5 - 2*m - 6*m**2 + p - 13 + 10 - m**3. What is the remainder when 68 is divided by n(-6)?
14
Suppose -4*b + 85 = v, 48*v - 220 = 45*v - 5*b. Calculate the remainder when 1228 is divided by v.
58
Let r be (-1)/(-6) + 116/24. Suppose 0 = r*g - 9*g + 32. Suppose 11 = -w - 4*p, -2*p - 20 = -4*w + 8. Calculate the remainder when g is divided by w.
3
Let j = -4147 - -4388. Calculate the remainder when j is divided by 35.
31
Suppose -19*g + 1716 = 3*g. Suppose 8 - 28 = -4*a. What is the remainder when g is divided by a?
3
Suppose 13842 = -1853*i + 1871*i. What is the remainder when i is divided by 24?
1
Suppose 410*b = 369*b + 5371. Suppose -169 = -4*j + 7. What is the remainder when b is divided by j?
43
Calculate the remainder when -159*(1/(-2))/(34/68) is divided by 79.
1
Let i(s) = -3*s**2 - 11*s - 88. Let t(w) = -3*w**2 - 12*w - 87. Let y(z) = 4*i(z) - 5*t(z). What is the remainder when y(-5) is divided by 12?
6
Let j = -1702 - -1706. Let f(n) = 3*n**2 + 6*n - 6. Let a be f(-6). Suppose 5*m + a = 4*x, -x + 4*m + 64 = 3*x. What is the remainder when x is divided by j?
2
Let k(s) = 4*s**2 + 3*s - 1. Let x be (-3 + 0 - -1) + 6. Suppose g - 3*l + 94 = 114, 0 = -3*g + l + 36. Calculate the remainder when k(x) is divided by g.
9
Suppose -5*h + 36 = 7*h. Suppose -10*g = -40 - 20. Suppose -w + g*w - 41 = -3*o, -w = -o + 11. What is the remainder when o is divided by h?
0
Suppose -5*h + 117 = 107. Suppose -2*d + 5*v + 191 = 0, 21*v = h*d + 24*v - 215. What is the remainder when d is divided by 26?
25
Suppose 31*q - 2237 + 160 = 0. Suppose -63*h = -q*h + 92. Calculate the remainder when 112 is divided by h.
20
Suppose -q - 4*q + 4*g = -9*q + 64, g - 2 = 0. Suppose -3*l - 189 = 117. Let i = -48 - l. Calculate the remainder when i is divided by q.
12
Let k be (2/(-5))/((-7)/70). Suppose k*a - 367 = 5*r, 5*a - 299 = 2*a - r. What is the remainder when a is divided by 42?
14
Let s(a) = 62*a - 106. What is the remainder when s(12) is divided by 111?
83
Let o = 22254 - 13894. Calculate the remainder when 4/(-18) - o/(-36) is divided by 35.
22
Suppose 152124 = 729*k - 645*k. What is the remainder when 3634 is divided by k?
12
Let p = -434 + 270. Let h = p - -184. What is the remainder when 215 is divided by h?
15
Let o = -500 + 549. Suppose -3*l - 113 - 79 = 0. Let n = 90 + l. What is the remainder when o is divided by n?
23
Let g(j) = j**3 + 6*j**2 + j + 23. Let d be g(-6). Suppose 4*k + 1 - d = 0. Let f = 4 - 1. What is the remainder when k is divided by f?
1
Suppose l + 5 = 2*l + q, -l - 5*q = -25. Suppose 25*m - 1986 + 36 = l. Calculate the remainder when m is divided by 43.
35
Suppose -193*m - 69600 = -493*m. Calculate the remainder when 1389 is divided by m.
229
Suppose -8*l + 870 - 598 = 0. What is the remainder when 1334 is divided by l?
8
Let g = 10 - -18. Let t(a) = -11*a + 62. Let o be t(4). Suppose 58 + o = 4*q. Calculate the remainder when g is divided by q.
9
Let c(m) = 2*m**2 - 164*m + 1908. Calculate the remainder when 22 is divided by c(14).
2
Let t(a) = -a**3 - 8*a**2 + 6*a - 2. Let k be t(7). Let m = k + 700. Calculate the remainder when 214 is divided by m.
4
Let n = -10 + 11. Let a be 86 + (5 - (2 - n)). Calculate the remainder when 6/45 - -2*7149/a is divided by 16.
15
Let a(b) = -30*b**2 - 57*b + 29. Calculate the remainder when 8876 is divided by a(-2).
21
Suppose 14*q - 16 = 10*q. Let g(i) = i**2 + 2*i + 8. Let v = 153 + -136. Calculate the remainder when g(q) is divided by v.
15
Suppose -1726*s + 4*b = -1721*s - 103, -b = 2. Calculate the remainder when 141 is divided by s.
8
Let r be -1 + (-4)/(-6) - 1/(-3). Suppose -4*s - 39 = 3*j - 678, -s - 3*j + 171 = r. What is the remainder when s is divided by (5/(-2))/((-1)/16)?
36
Let v = 39 - 29. Suppose 0 = -3*m + 2*m - 5*r + 18, -m = -3*r - 34. Let o = m - 12. What is the remainder when o is divided by v?
6
Let r = 2162 - 1576. What is the remainder when r is divided by 25?
11
Let x = -29 + 68. Let g(r) be the first derivative of -4*r**2 + 245*r - 209. What is the remainder when x is divided by g(28)?
18
Let v(m) = 118*m**2 - 5*m + 8. Let d be v(2). Suppose 5*k + g - d = 0, -k - 2*g = 4*k - 470. Let u = 102 - k. Calculate the remainder when 39 is divided by u.
7
Let d(n) be the second derivative of -n**5/20 + n**4 + 2*n**3/3 - 14*n**2 + 8*n. What is the remainder when 111 is divided by d(12)?
11
Let c be (-4 - (-976)/(-20)) + 2/(-10). Let u = 88 + c. Let q = 72 - u. Calculate the remainder when q is divided by 19.
18
Suppose 21*z = -z + 556 + 1952. Calculate the remainder when 222 is divided by z.
108
Let p(n) = 10*n**2 - 4*n + 18. Let k be p(12). Suppose 13*x - k = -2*x. Calculate the remainder when x is divided by 33.
28
Let h(i) = 4*i**2 - i - 2. Let g be h(3). Let m = -16 + g. Suppose r = 2*c - 8, -7709*c - 3 = 3*r - 7712*c. What is the remainder when m is divided by r?
3
Let x = 8908 + -8881. What is the remainder when 9932 is divided by x?
23
Suppose -5*s + 4*w + 21579 = 0, 10*s + 4*w = 9*s + 4335. Calculate the remainder when s is divided by 90.
89
Suppose 14528 + 148984 = 6*k. Calculate the remainder when k is divided by 15.
12
Let g = -6 + 28. Let d be 1 + 19 + 31 + -30. Suppose -d*q = -7*q - 854. What is the remainder when q is divided by g?
17
Let d = 705 - 406. What is the remainder when 1460 is divided by d?
264
Suppose 0 = -127*y + 130*y - 15. Suppose 2*q + y*v = 258, -3*q - 3*v - 140 = -4*q. What is the remainder when q is divided by 36?
26
Suppose 2*c + m - 220 = 0, 20*c - 5*m - 278 = 17*c. What is the remainder when 587 is divided by c?
57
Let b(u) = -u**3 + 10*u**2 + 86*u + 8. What is the remainder when b(13) is divided by 9?
7
Let w(x) = x + 22. Let q be (22 - 7)*1/3. Suppose 77 = v + 4*j, -328 = -q*v - 4*j + 3*j. What is the remainder when v is divided by w(0)?
21
Calculate the remainder when (-4676)/(-3)*39/52 is divided by 28.
21
Suppose -42*s = -45*s + 9. Suppose 4*d + u = 64, s*d = 4*u - 26 + 93. Calculate the remainder when 199 is divided by d.
12
Let d(q) = 206*q**2 + 6*q - 1. Let o be d(-2). Let b be (-6)/(24/4) - o*-1. Suppose 3*h = -7*h + b. Calculate the remainder when h is divided by 21.
18
Suppose 58 = 4*n - 5*x, 168*n - 167*n = 5*x - 8. Let t = 15 + 23. Suppose 0 = -d + 27 + t. What is the remainder when d is divided by n?
21
Suppose 3*r - 33 = -3*o, 1 = o - 2*o - 4*r. Let f = -11431 - -11460. What is the remainder when f is divided by o?
14
Let k = 2201 + -2193. Calculate the remainder when 37 is divided by k.
5
Let j = 688 - 688. Suppose j = x - 3*x - 4, 0 = 5*h + x - 393. What is the remainder when h is divided by (9/(-4))/((-1)/12)?
25
Suppose -5*l + 222 + 28 = 0. Let z be (-4)/(-12)*18 - -78. Suppose -5*j = 2*b - 37, 3*b - 2*j = -0*b + z. What is the remainder when l is divided by b?
24
Let s(q) = 2*q**2 - 18*q - 24. Let b be s(10). Let u(h) = -2*h**3 - 12*h**2 - 38*h - 3. Calculate the remainder when 244 is divided by u(b).
74
Let k be (-45)/(-4) + 8/(-32). Let z(a) = -3*a**3 + 33*a**2 + 2. What is the remainder when 84 is divided by z(k)?
0
Suppose 0 = 813*a - 809*a - 100. Calculate the remainder when 746 is divided by a.
21
Let t = 14